
What is the remainder when 402 is divided by 23?
11
What is the remainder when 371 is divided by 20?
11
What is the remainder when 42 is divided by 22?
20
What is the remainder when 4958 is divided by 160?
158
What is the remainder when 1926 is divided by 934?
58
What is the remainder when 127 is divided by 13?
10
What is the remainder when 1011 is divided by 78?
75
Calculate the remainder when 1420 is divided by 9.
7
Calculate the remainder when 25 is divided by 12.
1
What is the remainder when 313 is divided by 113?
87
What is the remainder when 910 is divided by 450?
10
Calculate the remainder when 307 is divided by 93.
28
What is the remainder when 9581 is divided by 16?
13
What is the remainder when 199 is divided by 66?
1
What is the remainder when 644 is divided by 18?
14
Calculate the remainder when 55 is divided by 55.
0
Calculate the remainder when 525 is divided by 91.
70
What is the remainder when 437 is divided by 73?
72
What is the remainder when 948 is divided by 257?
177
Calculate the remainder when 589 is divided by 33.
28
Calculate the remainder when 14 is divided by 14.
0
Calculate the remainder when 1049 is divided by 14.
13
Calculate the remainder when 1351 is divided by 428.
67
Calculate the remainder when 487 is divided by 214.
59
Calculate the remainder when 4381 is divided by 36.
25
Calculate the remainder when 95 is divided by 61.
34
Calculate the remainder when 72 is divided by 14.
2
What is the remainder when 1124 is divided by 301?
221
Calculate the remainder when 61 is divided by 9.
7
What is the remainder when 1898 is divided by 100?
98
What is the remainder when 2745 is divided by 125?
120
Calculate the remainder when 916 is divided by 20.
16
Calculate the remainder when 51 is divided by 8.
3
What is the remainder when 74 is divided by 43?
31
Calculate the remainder when 2757 is divided by 51.
3
Calculate the remainder when 114 is divided by 1.
0
What is the remainder when 519 is divided by 48?
39
What is the remainder when 18695 is divided by 82?
81
What is the remainder when 178 is divided by 26?
22
Calculate the remainder when 123 is divided by 77.
46
What is the remainder when 371 is divided by 25?
21
Calculate the remainder when 502 is divided by 36.
34
What is the remainder when 154 is divided by 42?
28
Calculate the remainder when 67 is divided by 46.
21
What is the remainder when 397 is divided by 135?
127
Calculate the remainder when 4552 is divided by 86.
80
Calculate the remainder when 2168 is divided by 35.
33
Calculate the remainder when 1273 is divided by 44.
41
What is the remainder when 98 is divided by 39?
20
What is the remainder when 13158 is divided by 188?
186
What is the remainder when 4413 is divided by 16?
13
What is the remainder when 8 is divided by 7?
1
Calculate the remainder when 4589 is divided by 112.
109
What is the remainder when 1259 is divided by 7?
6
What is the remainder when 101 is divided by 46?
9
What is the remainder when 531 is divided by 13?
11
Calculate the remainder when 7874 is divided by 105.
104
What is the remainder when 473 is divided by 97?
85
Calculate the remainder when 309 is divided by 78.
75
What is the remainder when 583 is divided by 147?
142
Calculate the remainder when 85 is divided by 61.
24
Calculate the remainder when 2700 is divided by 27.
0
What is the remainder when 239 is divided by 16?
15
Calculate the remainder when 2269 is divided by 24.
13
Calculate the remainder when 306 is divided by 21.
12
Calculate the remainder when 475 is divided by 7.
6
What is the remainder when 767 is divided by 97?
88
What is the remainder when 11179 is divided by 3723?
10
Calculate the remainder when 1041 is divided by 62.
49
What is the remainder when 191 is divided by 59?
14
What is the remainder when 248 is divided by 85?
78
Calculate the remainder when 173 is divided by 40.
13
What is the remainder when 464 is divided by 457?
7
What is the remainder when 138 is divided by 13?
8
What is the remainder when 284 is divided by 24?
20
What is the remainder when 52 is divided by 18?
16
Calculate the remainder when 29 is divided by 2.
1
Calculate the remainder when 166 is divided by 24.
22
What is the remainder when 1548 is divided by 497?
57
What is the remainder when 1115 is divided by 1104?
11
Calculate the remainder when 265 is divided by 89.
87
What is the remainder when 400 is divided by 132?
4
Calculate the remainder when 85693 is divided by 435.
433
What is the remainder when 99 is divided by 73?
26
What is the remainder when 195 is divided by 40?
35
Calculate the remainder when 224 is divided by 70.
14
Calculate the remainder when 1531 is divided by 26.
23
Calculate the remainder when 386 is divided by 43.
42
What is the remainder when 1176 is divided by 22?
10
Calculate the remainder when 350 is divided by 27.
26
Calculate the remainder when 17 is divided by 1.
0
Calculate the remainder when 87 is divided by 37.
13
What is the remainder when 298 is divided by 20?
18
Calculate the remainder when 288 is divided by 52.
28
What is the remainder when 68 is divided by 58?
10
What is the remainder when 268 is divided by 34?
30
Calculate the remainder when 1406 is divided by 290.
246
Calculate the remainder when 1392 is divided by 55.
17
Calculate the remainder when 1113 is divided by 1104.
9
Calculate the remainder when 515 is divided by 43.
42
What is the remainder when 81 is divided by 22?
15
What is the remainder when 10549 is divided by 50?
49
Calculate the remainder when 1683 is divided by 37.
18
Calculate the remainder when 157 is divided by 37.
9
What is the remainder when 975 is divided by 322?
9
What is the remainder when 502 is divided by 68?
26
Calculate the remainder when 247 is divided by 36.
31
What is the remainder when 378 is divided by 20?
18
Calculate the remainder when 160 is divided by 138.
22
Calculate the remainder when 33 is divided by 12.
9
Calculate the remainder when 12986 is divided by 27.
26
Calculate the remainder when 431 is divided by 121.
68
What is the remainder when 477 is divided by 12?
9
What is the remainder when 19023 is divided by 302?
299
What is the remainder when 1485 is divided by 26?
3
What is the remainder when 185 is divided by 24?
17
Calculate the remainder when 134441 is divided by 19.
16
What is the remainder when 545 is divided by 271?
3
What is the remainder when 120 is divided by 51?
18
Calculate the remainder when 384 is divided by 15.
9
Calculate the remainder when 544 is divided by 48.
16
What is the remainder when 3209 is divided by 19?
17
What is the remainder when 448 is divided by 45?
43
Calculate the remainder when 169 is divided by 17.
16
Calculate the remainder when 126 is divided by 37.
15
Calculate the remainder when 1416 is divided by 14.
2
Calculate the remainder when 2091 is divided by 695.
6
Calculate the remainder when 315 is divided by 40.
35
Calculate the remainder when 530 is divided by 53.
0
Calculate the remainder when 1247 is divided by 8.
7
Calculate the remainder when 14354 is divided by 83.
78
Calculate the remainder when 566 is divided by 38.
34
What is the remainder when 111 is divided by 63?
48
What is the remainder when 92 is divided by 28?
8
Calculate the remainder when 385 is divided by 83.
53
Calculate the remainder when 1051 is divided by 46.
39
What is the remainder when 151 is divided by 21?
4
What is the remainder when 1287 is divided by 632?
23
What is the remainder when 1223 is divided by 68?
67
Calculate the remainder when 185 is divided by 87.
11
Calculate the remainder when 236 is divided by 98.
40
Calculate the remainder when 279 is divided by 4.
3
What is the remainder when 576 is divided by 55?
26
Calculate the remainder when 2374 is divided by 29.
25
Calculate the remainder when 39 is divided by 6.
3
What is the remainder when 585 is divided by 55?
35
Calculate the remainder when 6808 is divided by 71.
63
What is the remainder when 206 is divided by 28?
10
What is the remainder when 8094 is divided by 4045?
4
Calculate the remainder when 282 is divided by 275.
7
What is the remainder when 586 is divided by 68?
42
Calculate the remainder when 86 is divided by 71.
15
Calculate the remainder when 13857 is divided by 14.
11
Calculate the remainder when 2381 is divided